de 1908143?
False
Is 69 a factor of 9670350?
True
Is 739123 a multiple of 331?
True
Is 396935 a multiple of 104?
False
Is 3272593 a multiple of 6?
False
Does 22 divide 598967?
False
Is 555492 a multiple of 714?
True
Is 52 a factor of 835024?
False
Is 9 a factor of 30796?
False
Is 4539094 a multiple of 2399?
False
Is 421092 a multiple of 54?
True
Does 11 divide 291214?
True
Does 263 divide 54295?
False
Does 34 divide 349792?
True
Is 15 a factor of 38745?
True
Is 1702 a multiple of 12?
False
Is 50 a factor of 1584071?
False
Is 50630 a multiple of 145?
False
Is 1529 a factor of 3487649?
True
Is 83005 a multiple of 6?
False
Is 3806894 a multiple of 13?
True
Is 1772936 a multiple of 11?
True
Is 3656066 a multiple of 54?
False
Is 18 a factor of 214344?
True
Does 336 divide 179552?
False
Is 115 a factor of 978919?
False
Is 187480 a multiple of 430?
True
Is 36 a factor of 2419192?
False
Does 14 divide 13052858?
True
Is 635166 a multiple of 1659?
False
Is 8499760 a multiple of 16?
True
Is 74 a factor of 870391?
False
Is 907595 a multiple of 13?
True
Is 894835 a multiple of 955?
True
Is 4173224 a multiple of 88?
True
Is 172191 a multiple of 58?
False
Is 2455999 a multiple of 38?
False
Is 733440 a multiple of 192?
True
Does 161 divide 6900460?
True
Does 184 divide 32936?
True
Does 30 divide 40170?
True
Is 182646 a multiple of 219?
True
Does 27 divide 307897?
False
Is 332 a factor of 1466444?
True
Is 2735292 a multiple of 14?
True
Does 18 divide 156345?
False
Is 14847562 a multiple of 527?
False
Is 8 a factor of 7012491?
False
Is 1042236 a multiple of 51?
True
Is 67107 a multiple of 67?
False
Does 884 divide 1935076?
True
Is 478 a factor of 4111331?
False
Is 7714 a multiple of 7?
True
Does 46 divide 2003536?
False
Is 294 a factor of 85698?
False
Does 250 divide 245750?
True
Does 114 divide 6503586?
True
Does 9 divide 32868?
True
Is 4279265 a multiple of 293?
True
Is 118 a factor of 2802736?
True
Is 400378 a multiple of 337?
False
Is 257792 a multiple of 53?
True
Is 289346 a multiple of 199?
True
Does 24 divide 1780617?
False
Does 66 divide 317914?
False
Does 23 divide 3719560?
True
Does 30 divide 679050?
True
Is 4 a factor of 301531?
False
Does 87 divide 1547602?
False
Is 9517266 a multiple of 17?
False
Does 248 divide 197904?
True
Does 197 divide 69147?
True
Is 8 a factor of 236822?
False
Is 259 a factor of 40922?
True
Does 200 divide 2160499?
False
Does 166 divide 5365314?
False
Does 145 divide 3442850?
False
Does 38 divide 111112?
True
Is 264 a factor of 2866981?
False
Does 6 divide 551436?
True
Does 388 divide 2917372?
True
Does 890 divide 4171430?
True
Is 372525 a multiple of 31?
False
Is 66 a factor of 2082498?
True
Is 11170763 a multiple of 317?
True
Is 250 a factor of 5730839?
False
Does 181 divide 147253?
False
Does 10 divide 780203?
False
Is 239202 a multiple of 10?
False
Is 23460 a multiple of 30?
True
Is 571 a factor of 40379?
False
Does 486 divide 11509938?
True
Does 57 divide 1428351?
False
Is 179049 a multiple of 160?
False
Is 453 a factor of 145413?
True
Is 73 a factor of 3064686?
True
Is 26 a factor of 276744?
True
Is 173091 a multiple of 11?
False
Is 1495494 a multiple of 66?
True
Is 159691 a multiple of 24?
False
Is 1003577 a multiple of 22?
False
Is 10 a factor of 300971?
False
Is 18 a factor of 1644084?
True
Is 388228 a multiple of 284?
True
Does 97 divide 13570009?
True
Is 9 a factor of 555651?
True
Is 14 a factor of 261297?
False
Is 3 a factor of 1848484?
False
Does 13 divide 45777?
False
Does 17 divide 154071?
True
Does 166 divide 1018410?
True
Does 15 divide 215850?
True
Does 36 divide 184124?
False
Does 131 divide 848487?
True
Is 106362 a multiple of 6?
True
Is 228 a factor of 6384?
True
Is 80 a factor of 187357?
False
Is 5 a factor of 398374?
False
Is 88020 a multiple of 60?
True
Is 79631 a multiple of 142?
False
Does 28 divide 314328?
True
Is 19 a factor of 1289138?
False
Is 13 a factor of 1261143?
True
Is 44484 a multiple of 28?
False
Does 41 divide 3337293?
False
Is 137 a factor of 316607?
True
Does 136 divide 106624?
True
Does 12 divide 8909352?
True
Is 26 a factor of 3059230?
False
Is 133 a factor of 4101416?
False
Does 1356 divide 4806165?
False
Is 331 a factor of 1206128?
False
Does 8 divide 413420?
False
Does 52 divide 1137574?
False
Does 373 divide 245923?
False
Is 584795 a multiple of 40?
False
Is 98010 a multiple of 30?
True
Does 20 divide 22448655?
False
Is 377 a factor of 3837106?
True
Is 1183450 a multiple of 52?
False
Does 13 divide 1620360?
False
Is 6 a factor of 1003037?
False
Is 21 a factor of 22966839?
True
Is 26916857 a multiple of 2427?
False
Is 2441109 a multiple of 217?
False
Does 1026 divide 9767520?
True
Is 35 a factor of 422940?
True
Is 552233 a multiple of 49?
False
Does 18 divide 791079?
False
Is 271611 a multiple of 103?
True
Is 544328 a multiple of 103?
False
Does 55 divide 7261485?
True
Is 1773253 a multiple of 119?
False
Is 545342 even?
True
Is 65785 a multiple of 5?
True
Does 9 divide 7014942?
True
Does 19 divide 722?
True
Is 119 a factor of 1482621?
True
Is 398 a factor of 5377378?
True
Is 48 a factor of 700040?
False
Is 54464 a multiple of 6?
False
Is 7595412 a multiple of 8?
False
Does 11 divide 1841466?
True
Does 181 divide 54119?
True
Is 9519105 a multiple of 6?
False
Does 71 divide 141316?
False
Does 93 divide 1624896?
True
Does 30 divide 469200?
True
Does 188 divide 22519?
False
Does 221 divide 1795625?
True
Is 998688 a multiple of 69?
False
Is 12190074 a multiple of 71?
False
Is 5304564 a multiple of 12?
True
Is 898 a factor of 2796539?
False
Is 6542077 a multiple of 6?
False
Is 42075 a multiple of 9?
True
Is 625971 a multiple of 25?
False
Is 1764623 a multiple of 404?
False
Is 23868263 a multiple of 32?
False
Is 18 a factor of 693558?
True
Is 526 a factor of 3255414?
True
Is 22 a factor of 182160?
True
Is 25 a factor of 266450?
True
Does 432 divide 411264?
True
Does 167 divide 2311280?
True
Does 504 divide 87450?
False
Is 13293 a multiple of 7?
True
Is 3759284 a multiple of 376?
False
Does 827 divide 13743086?
True
Is 163 a factor of 3358289?
True
Does 15 divide 100088?
False
Is 23196451 a multiple of 816?
False
Is 97951 a multiple of 41?
False
Is 216940 even?
True
Is 132 a factor of 132062?
False
Is 151 a factor of 101774?
True
Is 63 a factor of 1184967?
True
Does 85 divide 22695?
True
Is 518320 a multiple of 310?
True
Is 28 a factor of 3119315?
False
Is 7 a factor of 122465?
True
Is 6420128 a multiple of 13?
True
Is 9890174 a multiple of 518?
True
Does 15 divide 2026853?
False
Is 96 a factor of 323395?
False
Does 24 divide 2241752?
False
Does 127 divide 52451?
True
Is 12 a factor of 1571880?
True
Is 24160 a multiple of 8?
True
Is 88030 a multiple of 3?
False
Is 177 a factor of 4864491?
True
Does 17 divide 180727?
True
Is 597840 a multiple of 48?
True
Is 26 a factor of 6969482?
True
Is 117 a factor of 7383168?
True
Does 61 divide 770960?
False
Does 189 divide 1955262?
False
Is 2160672 a multiple of 15?
False
Does 417 divide 328326?
False
Does 165 divide 569418?
False
Is 3491671 a multiple of 178?
False
Is 16 a factor of 5708864?
True
Is 7216219 a multiple of 17?
False
Does 475 divide 120317?
False
Does 6 divide 177000?
True
Does 16 divide 106784?
True
Is 1488076 a multiple of 16?
False
Is 187224 a multiple of 232?
True
Is 45964 a multiple of 4?
True
Is 248 a factor of 505672?
True
Does 14 divide 2424000?
False
Does 9 divide 5075?
False
Does 111 divide 1322454?
True
Is 10 a factor of 18613?
False
Does 385 divide 87010?
True
Is 18588 a multiple of 3?
True
Is 60 a factor of 133140?
True
Does 467 divide 192871?
True
Is 209 a factor of 3223989?
False
Is 158763 a multiple of 33?
True
Is 12544594 a multiple of 191?
False
Does 250 divide 334750?
True
Is 1544624 a multiple of 33?
False
Is 20 a factor of 641553?
False
Does 31 divide 491009?
True
Does 162 divide 104652?
True
Is 577795 a multiple of 365?
True
Does 28 divide 122192?
True
Is 137 a factor of 15643?
False
Is 8052 a multiple of 12?
True
Is 905 a factor of 2318610?
True
Is 145383 a multiple of 129?
True
Does 570 divide 219450?
True
Does 317 divide 1055293?
True
Is 640684 a multiple of 42?
False
Is 1179093 a multiple of 666?
False
Is 123 a factor of 2247333?
True
Is 27 a factor of 1190916?
True
Does 41 divide 1205359?
True
Is 792695 